{"id":14,"date":"2023-04-11T17:08:52","date_gmt":"2023-04-11T15:08:52","guid":{"rendered":"https:\/\/ambasciatapraga.esteri.it\/?page_id=14"},"modified":"2025-12-05T12:16:57","modified_gmt":"2025-12-05T10:16:57","slug":"italia-e-moldavia","status":"publish","type":"page","link":"https:\/\/ambchisinau.esteri.it\/it\/italia-e-moldavia\/","title":{"rendered":"Italia e Moldavia"},"content":{"rendered":"<p><a href=\"https:\/\/ambchisinau.esteri.it\/it\/italia-e-moldavia\/480433496_964627469096676_1918343398231634997_n\/\" rel=\"attachment wp-att-2786\"><img loading=\"lazy\" decoding=\"async\" class=\"alignnone size-full wp-image-2786 img-fluid\" src=\"https:\/\/ambchisinau.esteri.it\/wp-content\/uploads\/2025\/12\/480433496_964627469096676_1918343398231634997_n.jpg\" alt=\"\" width=\"1920\" height=\"1279\" srcset=\"https:\/\/ambchisinau.esteri.it\/wp-content\/uploads\/2025\/12\/480433496_964627469096676_1918343398231634997_n.jpg 1920w, https:\/\/ambchisinau.esteri.it\/wp-content\/uploads\/2025\/12\/480433496_964627469096676_1918343398231634997_n-300x200.jpg 300w, https:\/\/ambchisinau.esteri.it\/wp-content\/uploads\/2025\/12\/480433496_964627469096676_1918343398231634997_n-1024x682.jpg 1024w, https:\/\/ambchisinau.esteri.it\/wp-content\/uploads\/2025\/12\/480433496_964627469096676_1918343398231634997_n-768x512.jpg 768w\" sizes=\"auto, (max-width: 1920px) 100vw, 1920px\" \/><\/a><\/p>\n<p><strong>Origini e avvio delle relazioni diplomatiche<\/strong><\/p>\n<p>Italia e Moldova hanno stabilito relazioni diplomatiche il 21 febbraio 1992.<\/p>\n<p>L&#8217;Ambasciata della Repubblica di Moldova a Roma \u00e8 stata aperta il 1 aprile 1998.<\/p>\n<p>L&#8217;Ambasciata d&#8217;Italia a Chisinau \u00e8 stata aperta il 1\u00b0 ottobre 2008.<\/p>\n<p><strong>Evoluzione dei rapporti bilaterali<\/strong><\/p>\n<p>I due Paesi vantano rapporti bilaterali eccellenti, come dimostrano le numerose visite istituzionali e politiche soprattutto degli ultimi anni.<\/p>\n<p style=\"text-align: justify;\">Il Presidente della Repubblica Sergio Mattarella \u00e8 stato il primo Capo dello Stato a effettuare una visita ufficiale nella Repubblica di Moldova il 17 e 18 giugno 2024. In quell\u2019occasione il Presidente Mattarella ha confermato alla Presidente Sandu i sentimenti di amicizia che il popolo italiano nutre per il popolo moldovo e ha deposto una corona di fiori al monumento a Stefan cel Mare.<\/p>\n<p style=\"text-align: justify;\">Il 16 e 17 settembre 2024 ha avuto luogo una visita del Vice Ministro degli Esteri Edmondo Cirielli, il quale ha guidato la delegazione italiana alla Moldova Partnership Platform, foro multilaterale dedicato alla cooperazione allo sviluppo.<\/p>\n<p style=\"text-align: justify;\">Il 27 e 28 maggio 2025 il Guardasigilli Carlo Nordio ha firmato a Chisinau un\u2019Intesa Tecnica tra i due Ministri della Giustizia per il rafforzamento della cooperazione giudiziaria, con particolare riferimento alla comune lotta alla corruzione e ai fenomeni criminali transnazionali.<\/p>\n<p style=\"text-align: justify;\">La Presidente Sandu si \u00e8 recata in Italia tre volte nel corso del 2025: a luglio per incontri con il Presidente Mattarella e una visita alle collettivit\u00e0 moldove del Centro-Nord; a settembre per un colloquio con il Presidente del Consiglio Giorgia Meloni; ad ottobre per il XXXV anniversario della Commissione di Venezia.<\/p>\n<p style=\"text-align: justify;\">Le aree di cooperazione si sono allargate negli ultimi anni: oltre alla politica, ci sono accordi economici, commerciali, culturali, scientifici, sanitari, di trasporti, migrazione ecc con molteplici trattati bilaterali firmati. Uno degli accordi bilaterali pi\u00f9 importanti esistenti tra i nostri Paesi \u00e8 quello in materia di Sicurezza Sociale. Il trattato \u00e8 entrato in vigore il 1 settembre 2025.<\/p>\n<p>&nbsp;<\/p>\n","protected":false},"excerpt":{"rendered":"Origini e avvio delle relazioni diplomatiche Italia e Moldova hanno stabilito relazioni diplomatiche il 21 febbraio 1992. L&#8217;Ambasciata della Repubblica di Moldova a Roma \u00e8 stata aperta il 1 aprile 1998. L&#8217;Ambasciata d&#8217;Italia a Chisinau \u00e8 stata aperta il 1\u00b0 ottobre 2008. Evoluzione dei rapporti bilaterali I due Paesi vantano rapporti bilaterali eccellenti, come dimostrano [&hellip;]","protected":false},"author":1,"featured_media":2786,"parent":0,"menu_order":4,"comment_status":"closed","ping_status":"closed","template":"","meta":{"footnotes":""},"class_list":["post-14","page","type-page","status-publish","has-post-thumbnail","hentry"],"_links":{"self":[{"href":"https:\/\/ambchisinau.esteri.it\/it\/wp-json\/wp\/v2\/pages\/14","targetHints":{"allow":["GET"]}}],"collection":[{"href":"https:\/\/ambchisinau.esteri.it\/it\/wp-json\/wp\/v2\/pages"}],"about":[{"href":"https:\/\/ambchisinau.esteri.it\/it\/wp-json\/wp\/v2\/types\/page"}],"author":[{"embeddable":true,"href":"https:\/\/ambchisinau.esteri.it\/it\/wp-json\/wp\/v2\/users\/1"}],"replies":[{"embeddable":true,"href":"https:\/\/ambchisinau.esteri.it\/it\/wp-json\/wp\/v2\/comments?post=14"}],"version-history":[{"count":6,"href":"https:\/\/ambchisinau.esteri.it\/it\/wp-json\/wp\/v2\/pages\/14\/revisions"}],"predecessor-version":[{"id":2795,"href":"https:\/\/ambchisinau.esteri.it\/it\/wp-json\/wp\/v2\/pages\/14\/revisions\/2795"}],"wp:featuredmedia":[{"embeddable":true,"href":"https:\/\/ambchisinau.esteri.it\/it\/wp-json\/wp\/v2\/media\/2786"}],"wp:attachment":[{"href":"https:\/\/ambchisinau.esteri.it\/it\/wp-json\/wp\/v2\/media?parent=14"}],"curies":[{"name":"wp","href":"https:\/\/api.w.org\/{rel}","templated":true}]}}

<p><a href="https://ambchisinau.esteri.it/it/italia-e-moldavia/480433496_964627469096676_1918343398231634997_n/" rel="attachment wp-att-2786"><img loading="lazy" decoding="async" class="alignnone size-full wp-image-2786 img-fluid" src="https://ambchisinau.esteri.it/wp-content/uploads/2025/12/480433496_964627469096676_1918343398231634997_n.jpg" alt="" width="1920" height="1279" srcset="https://ambchisinau.esteri.it/wp-content/uploads/2025/12/480433496_964627469096676_1918343398231634997_n.jpg 1920w, https://ambchisinau.esteri.it/wp-content/uploads/2025/12/480433496_964627469096676_1918343398231634997_n-300x200.jpg 300w, https://ambchisinau.esteri.it/wp-content/uploads/2025/12/480433496_964627469096676_1918343398231634997_n-1024x682.jpg 1024w, https://ambchisinau.esteri.it/wp-content/uploads/2025/12/480433496_964627469096676_1918343398231634997_n-768x512.jpg 768w" sizes="auto, (max-width: 1920px) 100vw, 1920px" /></a></p>
<p><strong>Origini e avvio delle relazioni diplomatiche</strong></p>
<p>Italia e Moldova hanno stabilito relazioni diplomatiche il 21 febbraio 1992.</p>
<p>L&#8217;Ambasciata della Repubblica di Moldova a Roma è stata aperta il 1 aprile 1998.</p>
<p>L&#8217;Ambasciata d&#8217;Italia a Chisinau è stata aperta il 1° ottobre 2008.</p>
<p><strong>Evoluzione dei rapporti bilaterali</strong></p>
<p>I due Paesi vantano rapporti bilaterali eccellenti, come dimostrano le numerose visite istituzionali e politiche soprattutto degli ultimi anni.</p>
<p style="text-align: justify;">Il Presidente della Repubblica Sergio Mattarella è stato il primo Capo dello Stato a effettuare una visita ufficiale nella Repubblica di Moldova il 17 e 18 giugno 2024. In quell’occasione il Presidente Mattarella ha confermato alla Presidente Sandu i sentimenti di amicizia che il popolo italiano nutre per il popolo moldovo e ha deposto una corona di fiori al monumento a Stefan cel Mare.</p>
<p style="text-align: justify;">Il 16 e 17 settembre 2024 ha avuto luogo una visita del Vice Ministro degli Esteri Edmondo Cirielli, il quale ha guidato la delegazione italiana alla Moldova Partnership Platform, foro multilaterale dedicato alla cooperazione allo sviluppo.</p>
<p style="text-align: justify;">Il 27 e 28 maggio 2025 il Guardasigilli Carlo Nordio ha firmato a Chisinau un’Intesa Tecnica tra i due Ministri della Giustizia per il rafforzamento della cooperazione giudiziaria, con particolare riferimento alla comune lotta alla corruzione e ai fenomeni criminali transnazionali.</p>
<p style="text-align: justify;">La Presidente Sandu si è recata in Italia tre volte nel corso del 2025: a luglio per incontri con il Presidente Mattarella e una visita alle collettività moldove del Centro-Nord; a settembre per un colloquio con il Presidente del Consiglio Giorgia Meloni; ad ottobre per il XXXV anniversario della Commissione di Venezia.</p>
<p style="text-align: justify;">Le aree di cooperazione si sono allargate negli ultimi anni: oltre alla politica, ci sono accordi economici, commerciali, culturali, scientifici, sanitari, di trasporti, migrazione ecc con molteplici trattati bilaterali firmati. Uno degli accordi bilaterali più importanti esistenti tra i nostri Paesi è quello in materia di Sicurezza Sociale. Il trattato è entrato in vigore il 1 settembre 2025.</p>
<p>&nbsp;</p>

Origini e avvio delle relazioni diplomatiche Italia e Moldova hanno stabilito relazioni diplomatiche il 21 febbraio 1992. L&#8217;Ambasciata della Repubblica di Moldova a Roma è stata aperta il 1 aprile 1998. L&#8217;Ambasciata d&#8217;Italia a Chisinau è stata aperta il 1° ottobre 2008. Evoluzione dei rapporti bilaterali I due Paesi vantano rapporti bilaterali eccellenti, come dimostrano [&hellip;]
