{"id":2237,"date":"2025-09-05T15:22:37","date_gmt":"2025-09-05T13:22:37","guid":{"rendered":"https:\/\/ambchisinau.esteri.it\/?page_id=2237"},"modified":"2025-09-05T15:23:42","modified_gmt":"2025-09-05T13:23:42","slug":"il-messaggio-dellambasciatore","status":"publish","type":"page","link":"https:\/\/ambchisinau.esteri.it\/it\/chi-siamo\/lambasciatore\/il-messaggio-dellambasciatore\/","title":{"rendered":"Il messaggio dell&#8217;Ambasciatore"},"content":{"rendered":"<p style=\"text-align: justify;\">Care e cari connazionali, stimati amici dell\u2019Italia,<\/p>\n<p style=\"text-align: justify;\">\u00e8 un vero piacere salutarvi!<\/p>\n<p style=\"text-align: justify;\">Con la presentazione delle credenziali ha formalmente inizio il mio mandato. Questo momento cos\u00ec significativo nella vita di un ambasciatore mi ha consentito di formulare alla Presidente Sandu gli auguri dell\u2019Italia, confermandole i sentimenti di amicizia e collaborazione che animano i rapporti tra i nostri Paesi.<\/p>\n<p style=\"text-align: justify;\">Di questa bella realt\u00e0 che unisce Italia e Moldova voi siete i migliori interpreti e la pi\u00f9 autentica testimonianza. Con la vostra presenza qui, grazie al vostro lavoro, all\u2019ambito diplomatico si aggiunge un ricco tessuto di interazioni personali e familiari, rese pi\u00f9 naturali e vivaci dall\u2019ospitalit\u00e0 del popolo moldovo e dalla prossimit\u00e0 di lingua e cultura.<\/p>\n<p style=\"text-align: justify;\">\u00c8 in questo contesto che opera l\u2019Ambasciata d\u2019Italia. Dal 2009 a oggi molto \u00e8 cambiato. Numerosi sono stati i traguardi raggiunti insieme: l\u2019Accordo di Sicurezza Sociale, entrato in vigore pochi giorni fa, ne \u00e8 un concreto esempio. Oggi Roma e Chisinau lavorano fianco a fianco in diversi contesti, che spaziano dal contributo congiunto alle missioni internazionali di pace al contrasto alla disinformazione, dall\u2019efficienza energetica alla sicurezza. Sono questi alcuni dei temi affrontati nei numerosi colloqui di alto livello tra i Capi di Stato, i Premier e i Ministri dei nostri Paesi, che negli ultimi anni si sono incontrati in molteplici occasioni.<\/p>\n<p style=\"text-align: justify;\">Come potete constatare quotidianamente, Italia e Moldova condividono i pi\u00f9 autentici valori europei, quei principi che pongono al centro la persona umana con i suoi inalienabili diritti e l\u2019osservanza delle regole fondamentali della convivenza internazionale: pace, rispetto dell\u2019integrit\u00e0 territoriale degli Stati, solidariet\u00e0. In questo spirito, continueremo ad accompagnare la piena integrazione nell\u2019Unione Europea, traguardo che per decisione popolare \u00e8 iscritto nella Costituzione della Repubblica di Moldova.<\/p>\n<p style=\"text-align: justify;\">Cari connazionali e amici,<\/p>\n<p style=\"text-align: justify;\">i miei collaboratori e io siamo impegnati a rendere sempre pi\u00f9 efficiente l\u2019erogazione dei servizi consolari, sempre pi\u00f9 efficace il sostegno alle aziende italiane che qui investono e creano opportunit\u00e0 di impiego, sempre pi\u00f9 forti e articolate le relazioni tra i nostri Paesi. Vi giunga fin d\u2019ora un sincero ringraziamento per ogni suggerimento che riterrete opportuno farci pervenire a tale scopo.<\/p>\n<p style=\"text-align: justify;\">Certo che non mancheranno le occasioni di incontro e di personale conoscenza, vi porgo il mio pi\u00f9 cordiale saluto,<\/p>\n<p style=\"text-align: left;\">Giuseppe Maria Perricone<\/p>\n","protected":false},"excerpt":{"rendered":"Care e cari connazionali, stimati amici dell\u2019Italia, \u00e8 un vero piacere salutarvi! Con la presentazione delle credenziali ha formalmente inizio il mio mandato. Questo momento cos\u00ec significativo nella vita di un ambasciatore mi ha consentito di formulare alla Presidente Sandu gli auguri dell\u2019Italia, confermandole i sentimenti di amicizia e collaborazione che animano i rapporti tra [&hellip;]","protected":false},"author":4,"featured_media":0,"parent":38,"menu_order":0,"comment_status":"closed","ping_status":"closed","template":"","meta":{"footnotes":""},"class_list":["post-2237","page","type-page","status-publish","hentry"],"_links":{"self":[{"href":"https:\/\/ambchisinau.esteri.it\/it\/wp-json\/wp\/v2\/pages\/2237","targetHints":{"allow":["GET"]}}],"collection":[{"href":"https:\/\/ambchisinau.esteri.it\/it\/wp-json\/wp\/v2\/pages"}],"about":[{"href":"https:\/\/ambchisinau.esteri.it\/it\/wp-json\/wp\/v2\/types\/page"}],"author":[{"embeddable":true,"href":"https:\/\/ambchisinau.esteri.it\/it\/wp-json\/wp\/v2\/users\/4"}],"replies":[{"embeddable":true,"href":"https:\/\/ambchisinau.esteri.it\/it\/wp-json\/wp\/v2\/comments?post=2237"}],"version-history":[{"count":2,"href":"https:\/\/ambchisinau.esteri.it\/it\/wp-json\/wp\/v2\/pages\/2237\/revisions"}],"predecessor-version":[{"id":2241,"href":"https:\/\/ambchisinau.esteri.it\/it\/wp-json\/wp\/v2\/pages\/2237\/revisions\/2241"}],"up":[{"embeddable":true,"href":"https:\/\/ambchisinau.esteri.it\/it\/wp-json\/wp\/v2\/pages\/38"}],"wp:attachment":[{"href":"https:\/\/ambchisinau.esteri.it\/it\/wp-json\/wp\/v2\/media?parent=2237"}],"curies":[{"name":"wp","href":"https:\/\/api.w.org\/{rel}","templated":true}]}}

<p style="text-align: justify;">Care e cari connazionali, stimati amici dell’Italia,</p>
<p style="text-align: justify;">è un vero piacere salutarvi!</p>
<p style="text-align: justify;">Con la presentazione delle credenziali ha formalmente inizio il mio mandato. Questo momento così significativo nella vita di un ambasciatore mi ha consentito di formulare alla Presidente Sandu gli auguri dell’Italia, confermandole i sentimenti di amicizia e collaborazione che animano i rapporti tra i nostri Paesi.</p>
<p style="text-align: justify;">Di questa bella realtà che unisce Italia e Moldova voi siete i migliori interpreti e la più autentica testimonianza. Con la vostra presenza qui, grazie al vostro lavoro, all’ambito diplomatico si aggiunge un ricco tessuto di interazioni personali e familiari, rese più naturali e vivaci dall’ospitalità del popolo moldovo e dalla prossimità di lingua e cultura.</p>
<p style="text-align: justify;">È in questo contesto che opera l’Ambasciata d’Italia. Dal 2009 a oggi molto è cambiato. Numerosi sono stati i traguardi raggiunti insieme: l’Accordo di Sicurezza Sociale, entrato in vigore pochi giorni fa, ne è un concreto esempio. Oggi Roma e Chisinau lavorano fianco a fianco in diversi contesti, che spaziano dal contributo congiunto alle missioni internazionali di pace al contrasto alla disinformazione, dall’efficienza energetica alla sicurezza. Sono questi alcuni dei temi affrontati nei numerosi colloqui di alto livello tra i Capi di Stato, i Premier e i Ministri dei nostri Paesi, che negli ultimi anni si sono incontrati in molteplici occasioni.</p>
<p style="text-align: justify;">Come potete constatare quotidianamente, Italia e Moldova condividono i più autentici valori europei, quei principi che pongono al centro la persona umana con i suoi inalienabili diritti e l’osservanza delle regole fondamentali della convivenza internazionale: pace, rispetto dell’integrità territoriale degli Stati, solidarietà. In questo spirito, continueremo ad accompagnare la piena integrazione nell’Unione Europea, traguardo che per decisione popolare è iscritto nella Costituzione della Repubblica di Moldova.</p>
<p style="text-align: justify;">Cari connazionali e amici,</p>
<p style="text-align: justify;">i miei collaboratori e io siamo impegnati a rendere sempre più efficiente l’erogazione dei servizi consolari, sempre più efficace il sostegno alle aziende italiane che qui investono e creano opportunità di impiego, sempre più forti e articolate le relazioni tra i nostri Paesi. Vi giunga fin d’ora un sincero ringraziamento per ogni suggerimento che riterrete opportuno farci pervenire a tale scopo.</p>
<p style="text-align: justify;">Certo che non mancheranno le occasioni di incontro e di personale conoscenza, vi porgo il mio più cordiale saluto,</p>
<p style="text-align: left;">Giuseppe Maria Perricone</p>

Care e cari connazionali, stimati amici dell’Italia, è un vero piacere salutarvi! Con la presentazione delle credenziali ha formalmente inizio il mio mandato. Questo momento così significativo nella vita di un ambasciatore mi ha consentito di formulare alla Presidente Sandu gli auguri dell’Italia, confermandole i sentimenti di amicizia e collaborazione che animano i rapporti tra [&hellip;]
