{"id":131,"date":"2023-04-11T17:53:01","date_gmt":"2023-04-11T15:53:01","guid":{"rendered":"https:\/\/ambchisinau.esteri.it\/chi-siamo\/lambasciatore\/"},"modified":"2025-09-05T15:52:04","modified_gmt":"2025-09-05T13:52:04","slug":"lambasciatore","status":"publish","type":"page","link":"https:\/\/ambchisinau.esteri.it\/ro\/chi-siamo\/lambasciatore\/","title":{"rendered":"Ambasadorul"},"content":{"rendered":"<p><img loading=\"lazy\" decoding=\"async\" class=\"size-medium wp-image-2196 img-fluid aligncenter\" src=\"https:\/\/ambchisinau.esteri.it\/wp-content\/uploads\/2025\/07\/GM-Perricone_a-300x200.jpg\" alt=\"\" width=\"300\" height=\"200\" srcset=\"https:\/\/ambchisinau.esteri.it\/wp-content\/uploads\/2025\/07\/GM-Perricone_a-300x200.jpg 300w, https:\/\/ambchisinau.esteri.it\/wp-content\/uploads\/2025\/07\/GM-Perricone_a-1024x683.jpg 1024w, https:\/\/ambchisinau.esteri.it\/wp-content\/uploads\/2025\/07\/GM-Perricone_a-768x512.jpg 768w, https:\/\/ambchisinau.esteri.it\/wp-content\/uploads\/2025\/07\/GM-Perricone_a.jpg 1920w\" sizes=\"auto, (max-width: 300px) 100vw, 300px\" \/><\/p>\n<p>&nbsp;<\/p>\n<p><strong>E.S. Ambasadorul Giuseppe Maria PERRICONE<\/strong><\/p>\n<p style=\"text-align: justify;\">N\u0103scut la Palermo \u00een 1976, a absolvit, \u00een 1998, Facultatea de \u015etiin\u0163e Politice la\u00a0 Universitatea LUISS din Roma.<\/p>\n<p style=\"text-align: justify;\">A ob\u0163inut Licen\u0163a \u00een Dezvoltare Economic\u0103 la <em>Universidad Complutense<\/em> din Madrid \u00een 1999 \u015fi, un an mai t\u00e2rziu, Masterul \u00een Rela\u0163ii Internationale la <em>London School of Economics<\/em>.<\/p>\n<p style=\"text-align: justify;\">\u00cenainte de a intra \u00een cariera diplomatic\u0103, \u00een 2006, a lucrat timp de patru ani pentru Programul Na\u0163iunilor Unite pentru Dezvoltare (PNUD) \u00een Quito \u015fi Alger.<\/p>\n<p style=\"text-align: justify;\">Primele sale misiuni la Ministerul italian al Afacerilor Externe au fost la Direc\u0163ia General\u0103 pentru \u0162\u0103rile din America \u015fi, ulterior la Direc\u0163ia General\u0103 pentru \u0162\u0103rile din Asia \u015fi Oceania.<\/p>\n<p style=\"text-align: justify;\">\u00cen 2009 este deta\u015fat \u00een Afganistan pentru a conduce Componenta Civil\u0103 a Echipei Provinciale de Reconstruc\u0163ie (<em>Provincial Reconstruction Team<\/em>) \u00een Herat. Ulterior, este repartizat la Misiunea permanent\u0103 a Italiei pe l\u00e2ng\u0103 Organiza\u0163ia Na\u0163iunilor Unite la New York (2010-2014) \u015fi la Ambasada Italiei la Beijing (2014-2016).<\/p>\n<p style=\"text-align: justify;\">A revenit la Roma \u00een 2017 pentru a prelua serviciul \u00een cadrul Biroului pentru Afaceri Diplomatice al Pre\u015fedin\u0163iei Republicii Italiene.<\/p>\n<p style=\"text-align: justify;\">Numit Ambasador al Italiei \u00een Republica Moldova \u00een noiembrie 2024, a sosit la Chisinau la 3 iulie 2025.<\/p>\n<p style=\"text-align: justify;\">Cavaler al Ordinului de Merit al Republicii Italiene din 2023.<\/p>\n","protected":false},"excerpt":{"rendered":"&nbsp; E.S. Ambasadorul Giuseppe Maria PERRICONE N\u0103scut la Palermo \u00een 1976, a absolvit, \u00een 1998, Facultatea de \u015etiin\u0163e Politice la\u00a0 Universitatea LUISS din Roma. A ob\u0163inut Licen\u0163a \u00een Dezvoltare Economic\u0103 la Universidad Complutense din Madrid \u00een 1999 \u015fi, un an mai t\u00e2rziu, Masterul \u00een Rela\u0163ii Internationale la London School of Economics. \u00cenainte de a intra [&hellip;]","protected":false},"author":1,"featured_media":0,"parent":124,"menu_order":0,"comment_status":"closed","ping_status":"closed","template":"","meta":{"footnotes":""},"class_list":["post-131","page","type-page","status-publish","hentry"],"_links":{"self":[{"href":"https:\/\/ambchisinau.esteri.it\/ro\/wp-json\/wp\/v2\/pages\/131","targetHints":{"allow":["GET"]}}],"collection":[{"href":"https:\/\/ambchisinau.esteri.it\/ro\/wp-json\/wp\/v2\/pages"}],"about":[{"href":"https:\/\/ambchisinau.esteri.it\/ro\/wp-json\/wp\/v2\/types\/page"}],"author":[{"embeddable":true,"href":"https:\/\/ambchisinau.esteri.it\/ro\/wp-json\/wp\/v2\/users\/1"}],"replies":[{"embeddable":true,"href":"https:\/\/ambchisinau.esteri.it\/ro\/wp-json\/wp\/v2\/comments?post=131"}],"version-history":[{"count":6,"href":"https:\/\/ambchisinau.esteri.it\/ro\/wp-json\/wp\/v2\/pages\/131\/revisions"}],"predecessor-version":[{"id":2250,"href":"https:\/\/ambchisinau.esteri.it\/ro\/wp-json\/wp\/v2\/pages\/131\/revisions\/2250"}],"up":[{"embeddable":true,"href":"https:\/\/ambchisinau.esteri.it\/ro\/wp-json\/wp\/v2\/pages\/124"}],"wp:attachment":[{"href":"https:\/\/ambchisinau.esteri.it\/ro\/wp-json\/wp\/v2\/media?parent=131"}],"curies":[{"name":"wp","href":"https:\/\/api.w.org\/{rel}","templated":true}]}}

<p><img loading="lazy" decoding="async" class="size-medium wp-image-2196 img-fluid aligncenter" src="https://ambchisinau.esteri.it/wp-content/uploads/2025/07/GM-Perricone_a-300x200.jpg" alt="" width="300" height="200" srcset="https://ambchisinau.esteri.it/wp-content/uploads/2025/07/GM-Perricone_a-300x200.jpg 300w, https://ambchisinau.esteri.it/wp-content/uploads/2025/07/GM-Perricone_a-1024x683.jpg 1024w, https://ambchisinau.esteri.it/wp-content/uploads/2025/07/GM-Perricone_a-768x512.jpg 768w, https://ambchisinau.esteri.it/wp-content/uploads/2025/07/GM-Perricone_a.jpg 1920w" sizes="auto, (max-width: 300px) 100vw, 300px" /></p>
<p>&nbsp;</p>
<p><strong>E.S. Ambasadorul Giuseppe Maria PERRICONE</strong></p>
<p style="text-align: justify;">Născut la Palermo în 1976, a absolvit, în 1998, Facultatea de Ştiinţe Politice la  Universitatea LUISS din Roma.</p>
<p style="text-align: justify;">A obţinut Licenţa în Dezvoltare Economică la <em>Universidad Complutense</em> din Madrid în 1999 şi, un an mai târziu, Masterul în Relaţii Internationale la <em>London School of Economics</em>.</p>
<p style="text-align: justify;">Înainte de a intra în cariera diplomatică, în 2006, a lucrat timp de patru ani pentru Programul Naţiunilor Unite pentru Dezvoltare (PNUD) în Quito şi Alger.</p>
<p style="text-align: justify;">Primele sale misiuni la Ministerul italian al Afacerilor Externe au fost la Direcţia Generală pentru Ţările din America şi, ulterior la Direcţia Generală pentru Ţările din Asia şi Oceania.</p>
<p style="text-align: justify;">În 2009 este detaşat în Afganistan pentru a conduce Componenta Civilă a Echipei Provinciale de Reconstrucţie (<em>Provincial Reconstruction Team</em>) în Herat. Ulterior, este repartizat la Misiunea permanentă a Italiei pe lângă Organizaţia Naţiunilor Unite la New York (2010-2014) şi la Ambasada Italiei la Beijing (2014-2016).</p>
<p style="text-align: justify;">A revenit la Roma în 2017 pentru a prelua serviciul în cadrul Biroului pentru Afaceri Diplomatice al Preşedinţiei Republicii Italiene.</p>
<p style="text-align: justify;">Numit Ambasador al Italiei în Republica Moldova în noiembrie 2024, a sosit la Chisinau la 3 iulie 2025.</p>
<p style="text-align: justify;">Cavaler al Ordinului de Merit al Republicii Italiene din 2023.</p>

&nbsp; E.S. Ambasadorul Giuseppe Maria PERRICONE Născut la Palermo în 1976, a absolvit, în 1998, Facultatea de Ştiinţe Politice la  Universitatea LUISS din Roma. A obţinut Licenţa în Dezvoltare Economică la Universidad Complutense din Madrid în 1999 şi, un an mai târziu, Masterul în Relaţii Internationale la London School of Economics. Înainte de a intra [&hellip;]
