{"id":132,"date":"2023-04-11T17:55:33","date_gmt":"2023-04-11T15:55:33","guid":{"rendered":"https:\/\/ambchisinau.esteri.it\/chi-siamo\/la-sede\/"},"modified":"2023-11-01T09:55:22","modified_gmt":"2023-11-01T07:55:22","slug":"la-sede","status":"publish","type":"page","link":"https:\/\/ambchisinau.esteri.it\/ro\/chi-siamo\/la-sede\/","title":{"rendered":"Sediu"},"content":{"rendered":"<p><img loading=\"lazy\" decoding=\"async\" class=\"alignnone size-medium wp-image-328 img-fluid aligncenter\" src=\"https:\/\/ambchisinau.esteri.it\/wp-content\/uploads\/2023\/11\/Immagine_Viber_2023-10-31_14-35-51-470-225x300.jpg\" alt=\"\" width=\"225\" height=\"300\" srcset=\"https:\/\/ambchisinau.esteri.it\/wp-content\/uploads\/2023\/11\/Immagine_Viber_2023-10-31_14-35-51-470-225x300.jpg 225w, https:\/\/ambchisinau.esteri.it\/wp-content\/uploads\/2023\/11\/Immagine_Viber_2023-10-31_14-35-51-470-768x1024.jpg 768w, https:\/\/ambchisinau.esteri.it\/wp-content\/uploads\/2023\/11\/Immagine_Viber_2023-10-31_14-35-51-470.jpg 1200w\" sizes=\"auto, (max-width: 225px) 100vw, 225px\" \/><\/p>\n<p>Ambasada Italiei la Chi\u0219in\u0103u se afl\u0103 la etajul 7 al business-centrului Skytower, situat in inima istoric\u0103 \u0219i economic\u0103 a capitalei moldovene\u0219ti, \u00een apropierea Palatului Guvernului.<\/p>\n<p>La parterul aceluia\u0219i edificiu se afl\u0103 Biroul Consular cu intrare lateral\u0103 independent\u0103.<\/p>\n","protected":false},"excerpt":{"rendered":"Ambasada Italiei la Chi\u0219in\u0103u se afl\u0103 la etajul 7 al business-centrului Skytower, situat in inima istoric\u0103 \u0219i economic\u0103 a capitalei moldovene\u0219ti, \u00een apropierea Palatului Guvernului. La parterul aceluia\u0219i edificiu se afl\u0103 Biroul Consular cu intrare lateral\u0103 independent\u0103.","protected":false},"author":1,"featured_media":0,"parent":124,"menu_order":2,"comment_status":"closed","ping_status":"closed","template":"","meta":{"footnotes":""},"class_list":["post-132","page","type-page","status-publish","hentry"],"_links":{"self":[{"href":"https:\/\/ambchisinau.esteri.it\/ro\/wp-json\/wp\/v2\/pages\/132","targetHints":{"allow":["GET"]}}],"collection":[{"href":"https:\/\/ambchisinau.esteri.it\/ro\/wp-json\/wp\/v2\/pages"}],"about":[{"href":"https:\/\/ambchisinau.esteri.it\/ro\/wp-json\/wp\/v2\/types\/page"}],"author":[{"embeddable":true,"href":"https:\/\/ambchisinau.esteri.it\/ro\/wp-json\/wp\/v2\/users\/1"}],"replies":[{"embeddable":true,"href":"https:\/\/ambchisinau.esteri.it\/ro\/wp-json\/wp\/v2\/comments?post=132"}],"version-history":[{"count":4,"href":"https:\/\/ambchisinau.esteri.it\/ro\/wp-json\/wp\/v2\/pages\/132\/revisions"}],"predecessor-version":[{"id":331,"href":"https:\/\/ambchisinau.esteri.it\/ro\/wp-json\/wp\/v2\/pages\/132\/revisions\/331"}],"up":[{"embeddable":true,"href":"https:\/\/ambchisinau.esteri.it\/ro\/wp-json\/wp\/v2\/pages\/124"}],"wp:attachment":[{"href":"https:\/\/ambchisinau.esteri.it\/ro\/wp-json\/wp\/v2\/media?parent=132"}],"curies":[{"name":"wp","href":"https:\/\/api.w.org\/{rel}","templated":true}]}}

<p><img loading="lazy" decoding="async" class="alignnone size-medium wp-image-328 img-fluid aligncenter" src="https://ambchisinau.esteri.it/wp-content/uploads/2023/11/Immagine_Viber_2023-10-31_14-35-51-470-225x300.jpg" alt="" width="225" height="300" srcset="https://ambchisinau.esteri.it/wp-content/uploads/2023/11/Immagine_Viber_2023-10-31_14-35-51-470-225x300.jpg 225w, https://ambchisinau.esteri.it/wp-content/uploads/2023/11/Immagine_Viber_2023-10-31_14-35-51-470-768x1024.jpg 768w, https://ambchisinau.esteri.it/wp-content/uploads/2023/11/Immagine_Viber_2023-10-31_14-35-51-470.jpg 1200w" sizes="auto, (max-width: 225px) 100vw, 225px" /></p>
<p>Ambasada Italiei la Chișinău se află la etajul 7 al business-centrului Skytower, situat in inima istorică și economică a capitalei moldovenești, în apropierea Palatului Guvernului.</p>
<p>La parterul aceluiași edificiu se află Biroul Consular cu intrare laterală independentă.</p>

Ambasada Italiei la Chișinău se află la etajul 7 al business-centrului Skytower, situat in inima istorică și economică a capitalei moldovenești, în apropierea Palatului Guvernului. La parterul aceluiași edificiu se află Biroul Consular cu intrare laterală independentă.
