{"id":133,"date":"2023-04-11T18:01:19","date_gmt":"2023-04-11T16:01:19","guid":{"rendered":"https:\/\/ambchisinau.esteri.it\/chi-siamo\/gli-uffici\/"},"modified":"2026-01-09T12:35:56","modified_gmt":"2026-01-09T10:35:56","slug":"gli-uffici","status":"publish","type":"page","link":"https:\/\/ambchisinau.esteri.it\/ro\/chi-siamo\/gli-uffici\/","title":{"rendered":"Birourile"},"content":{"rendered":"<p><strong>AMBASADA ITALIEI<br \/>\n<\/strong>Str. Vlaicu P\u00e2rc\u0103lab, 63<br \/>\nMD-2012, Chi\u015fin\u0103u<br \/>\nRepublica Moldova<\/p>\n<p><strong>Programul serviciului cu publicul:<\/strong><\/p>\n<p><strong>Sec\u021bia Consular\u0103 \/ Vize:<\/strong><\/p>\n<p>Luni 09.00 &#8211; 13.00 \u0219i 14.00 &#8211; 16.30<\/p>\n<p>Marti 09.00 &#8211; 13.00<\/p>\n<p>Miercuri 09.00 &#8211; 13.00<\/p>\n<p>Joi 09.00 &#8211; 13.00 \u0219i 14.00 &#8211; 16.30<\/p>\n<p>Vineri 09.00 &#8211; 13.00<\/p>\n<p><strong>Telefon:<\/strong> +373 22 266720 (de luni p\u00e2n\u0103 vineri de la 09.00 la 16.30)<\/p>\n<p><strong>Num\u0103rul de urgen\u021b\u0103<\/strong>: +373 68 303333<\/p>\n<p>Num\u0103rul de urgen\u021b\u0103 este rezervat <strong>comunic\u0103rii situa\u021biilor de urgen\u021b\u0103<\/strong> care pot surveni <strong>\u00een afara programului de lucru<\/strong> al Ambasadei \u0219i <strong>numai \u00een situa\u021biile \u00een care sunt implica\u021bi cet\u0103\u021beni italieni<\/strong>. Prin urmare, acest num\u0103r <strong>nu va fi folosit<\/strong> pentru alte motive.<\/p>\n<p>Acest num\u0103r poate fi folosit, de asemenea, \u0219i de <strong>autorit\u0103\u021bile moldovene\u0219ti<\/strong> (de ex. Poli\u021bia, Ministere, Spitale, Poli\u021bia de Frontier\u0103 etc.) pentru a comunica <strong>situa\u021biile excep\u021bionale ce vizeaz\u0103 cet\u0103\u021benii italieni<\/strong>.<\/p>\n<p>Num\u0103rul este activ 24h \/\u00a07 zile.<\/p>\n<p>Pe parcursul programului de munc\u0103, num\u0103rul de telefon de referin\u021b\u0103 este: +<strong>373 22 266 720<\/strong><\/p>\n<p><strong>PERSONALUL\u00a0AMBASADEI\u00a0ITALIEI LA CHI\u0218IN\u0102U<\/strong>:<\/p>\n<ul>\n<li><strong>Ambasador<\/strong> &#8211; Giuseppe Maria PERRICONE<br \/>\ne-mail: <a href=\"mailto:chisinau.segreteria@esteri.it\">chisinau.segreteria@esteri.it<\/a><br \/>\ntel.: +373 22 266724 \/ 725<\/li>\n<li><strong>\u0218ef Adjunct al Misiunii<\/strong>\u00a0&#8211; Armando PASCALE<br \/>\ne-mail: <a href=\"mailto:chisinau.segreteria@esteri.it\">chisinau.segreteria@esteri.it<\/a><br \/>\ntel.: +373 22 266728<\/li>\n<li><strong>Ata\u0219at Militar<\/strong> &#8211; Vincenzo Ingrosso<br \/>\ne-mail: <a href=\"mailto:bucharest.dat@smd.difesa.it\">bucharest.dat@smd.difesa.it<\/a><\/li>\n<li><strong>Sec\u021bia Consular\u0103<\/strong>\u00a0(AIRE, pa\u0219apoarte; ETD, asiten\u021b\u0103 minorilor \u0219i cona\u021bionalilor \u00een general etc)<br \/>\ne-mail: <a href=\"mailto:chisinau.consolare@esteri.it\">chisinau.consolare@esteri.it<\/a><br \/>\ntel.: +373 22 266 763<\/li>\n<li><strong>Recunoa\u0219terea Titlurilor de Studii, Studen\u021bi:<\/strong><br \/>\ne-mail: <a href=\"mailto:chisinau.consolare@esteri.it\">chisinau.consolare@esteri.it<\/a><br \/>\ntel.: +373 266 720<\/li>\n<li><strong>Oficiu Vize<\/strong>:<br \/>\ne-mail: <a href=\"mailto:chisinau.visti@esteri.it\">chisinau.visti@esteri.it<\/a><br \/>\ntel.: +373 22 266 760<\/li>\n<li><strong>Sec\u021bia Comercial\u0103:<\/strong><br \/>\ne-mail: <a href=\"mailto:amb.chisinau@esteri.it\">amb.chisinau@esteri.it<\/a><br \/>\ntel.: +373 22 266 720<\/li>\n<li><strong>Sec\u021bia Administrativ\u0103-Contabil\u0103:<br \/>\n<\/strong>e-mail: <a href=\"mailto:amb.chisinau@esteri.it\">amb.chisinau@esteri.it<\/a><br \/>\ntel.: +373 22 266 750<\/li>\n<li><strong>Sec\u021bia Cultur\u0103<\/strong><br \/>\ne-mail: <a href=\"mailto:amb.chisinau@esteri.it\">amb.chisinau@esteri.it<\/a><\/li>\n<li><strong>Secretariat Ambasador<\/strong>:<br \/>\ne-mail: <a href=\"mailto:chisinau.segreteria@esteri.it\">chisinau.segreteria@esteri.it<\/a><br \/>\ntel.: +373 22 266 724<\/li>\n<li><strong>Informa\u021bii:<\/strong><br \/>\ne-mail: <a href=\"mailto:amb.chisinau@esteri.it\">amb.chisinau@esteri.it<\/a><br \/>\ntel.: +373 22 266 720<\/li>\n<li><strong>po\u0219ta electronic\u0103 certificat\u0103\u00a0(PEC)<\/strong>: <a href=\"mailto:amb.chisinau@cert.esteri.it\">amb.chisinau@cert.esteri.it<\/a><\/li>\n<\/ul>\n<p><strong><br \/>\nCalendarul S\u0103rb\u0103torilor pentru anul 2025:<\/strong><\/p>\n<p>Aceast\u0103 Ambasad\u0103 respect\u0103 anumite s\u0103rb\u0103tori italiene si locale, \u00een baza calendarului indicat \u00een continuare:<\/p>\n<ul>\n<li>Anul Nou &#8211; <strong>1 ianuarie<\/strong><\/li>\n<li>Cr\u0103ciunul ortodox\u00a0pe rit vechi &#8211; <strong>7 ianuarie\u00a0\u00a0<\/strong><\/li>\n<li>S\u0103rb\u0103toare ortodox\u0103 &#8211;\u00a0<strong>8 ianuarie<\/strong><\/li>\n<li>Luned\u00ec dell&#8217;Angelo (a doua zi\u00a0a Pa\u015ftelui catolic) &#8211;\u00a0<strong>6 aprilie<\/strong><\/li>\n<li>A doua zi a Pa\u0219telui ortodox &#8211;\u00a0<strong>13 aprilie<\/strong><\/li>\n<li>Ziua Muncii &#8211; <strong>1 mai<\/strong><\/li>\n<li>Ziua Na\u0163ional\u0103 a Republicii Italiene &#8211;<strong>\u00a02 iunie<\/strong><\/li>\n<li>Ziua Independen\u0163ei Republicii Moldova\u00a0&#8211; <strong>27 august<\/strong><\/li>\n<li>S\u0103rb\u0103toare catolic\u0103 &#8222;<em>Immacolata Concezione<\/em>&#8221; &#8211; <strong>8 decembrie\u00a0<\/strong><\/li>\n<li>Cr\u0103ciunul catolic \u015fi ortodox pe rit nou- <strong>25 decembrie<\/strong><\/li>\n<li>Sf\u00e2ntul Stefano (s\u0103rb\u0103toare catolic\u0103) &#8211; <strong>26 decembrie<\/strong><\/li>\n<\/ul>\n","protected":false},"excerpt":{"rendered":"AMBASADA ITALIEI Str. Vlaicu P\u00e2rc\u0103lab, 63 MD-2012, Chi\u015fin\u0103u Republica Moldova Programul serviciului cu publicul: Sec\u021bia Consular\u0103 \/ Vize: Luni 09.00 &#8211; 13.00 \u0219i 14.00 &#8211; 16.30 Marti 09.00 &#8211; 13.00 Miercuri 09.00 &#8211; 13.00 Joi 09.00 &#8211; 13.00 \u0219i 14.00 &#8211; 16.30 Vineri 09.00 &#8211; 13.00 Telefon: +373 22 266720 (de luni p\u00e2n\u0103 vineri de [&hellip;]","protected":false},"author":1,"featured_media":0,"parent":124,"menu_order":4,"comment_status":"closed","ping_status":"closed","template":"","meta":{"footnotes":""},"class_list":["post-133","page","type-page","status-publish","hentry"],"_links":{"self":[{"href":"https:\/\/ambchisinau.esteri.it\/ro\/wp-json\/wp\/v2\/pages\/133","targetHints":{"allow":["GET"]}}],"collection":[{"href":"https:\/\/ambchisinau.esteri.it\/ro\/wp-json\/wp\/v2\/pages"}],"about":[{"href":"https:\/\/ambchisinau.esteri.it\/ro\/wp-json\/wp\/v2\/types\/page"}],"author":[{"embeddable":true,"href":"https:\/\/ambchisinau.esteri.it\/ro\/wp-json\/wp\/v2\/users\/1"}],"replies":[{"embeddable":true,"href":"https:\/\/ambchisinau.esteri.it\/ro\/wp-json\/wp\/v2\/comments?post=133"}],"version-history":[{"count":6,"href":"https:\/\/ambchisinau.esteri.it\/ro\/wp-json\/wp\/v2\/pages\/133\/revisions"}],"predecessor-version":[{"id":3055,"href":"https:\/\/ambchisinau.esteri.it\/ro\/wp-json\/wp\/v2\/pages\/133\/revisions\/3055"}],"up":[{"embeddable":true,"href":"https:\/\/ambchisinau.esteri.it\/ro\/wp-json\/wp\/v2\/pages\/124"}],"wp:attachment":[{"href":"https:\/\/ambchisinau.esteri.it\/ro\/wp-json\/wp\/v2\/media?parent=133"}],"curies":[{"name":"wp","href":"https:\/\/api.w.org\/{rel}","templated":true}]}}

<p><strong>AMBASADA ITALIEI<br />
</strong>Str. Vlaicu Pârcălab, 63<br />
MD-2012, Chişinău<br />
Republica Moldova</p>
<p><strong>Programul serviciului cu publicul:</strong></p>
<p><strong>Secția Consulară / Vize:</strong></p>
<p>Luni 09.00 &#8211; 13.00 și 14.00 &#8211; 16.30</p>
<p>Marti 09.00 &#8211; 13.00</p>
<p>Miercuri 09.00 &#8211; 13.00</p>
<p>Joi 09.00 &#8211; 13.00 și 14.00 &#8211; 16.30</p>
<p>Vineri 09.00 &#8211; 13.00</p>
<p><strong>Telefon:</strong> +373 22 266720 (de luni până vineri de la 09.00 la 16.30)</p>
<p><strong>Numărul de urgență</strong>: +373 68 303333</p>
<p>Numărul de urgență este rezervat <strong>comunicării situațiilor de urgență</strong> care pot surveni <strong>în afara programului de lucru</strong> al Ambasadei și <strong>numai în situațiile în care sunt implicați cetățeni italieni</strong>. Prin urmare, acest număr <strong>nu va fi folosit</strong> pentru alte motive.</p>
<p>Acest număr poate fi folosit, de asemenea, și de <strong>autoritățile moldovenești</strong> (de ex. Poliția, Ministere, Spitale, Poliția de Frontieră etc.) pentru a comunica <strong>situațiile excepționale ce vizează cetățenii italieni</strong>.</p>
<p>Numărul este activ 24h / 7 zile.</p>
<p>Pe parcursul programului de muncă, numărul de telefon de referință este: +<strong>373 22 266 720</strong></p>
<p><strong>PERSONALUL AMBASADEI ITALIEI LA CHIȘINĂU</strong>:</p>
<ul>
<li><strong>Ambasador</strong> &#8211; Giuseppe Maria PERRICONE<br />
e-mail: <a href="mailto:chisinau.segreteria@esteri.it">chisinau.segreteria@esteri.it</a><br />
tel.: +373 22 266724 / 725</li>
<li><strong>Șef Adjunct al Misiunii</strong> &#8211; Armando PASCALE<br />
e-mail: <a href="mailto:chisinau.segreteria@esteri.it">chisinau.segreteria@esteri.it</a><br />
tel.: +373 22 266728</li>
<li><strong>Atașat Militar</strong> &#8211; Vincenzo Ingrosso<br />
e-mail: <a href="mailto:bucharest.dat@smd.difesa.it">bucharest.dat@smd.difesa.it</a></li>
<li><strong>Secția Consulară</strong> (AIRE, pașapoarte; ETD, asitență minorilor și conaționalilor în general etc)<br />
e-mail: <a href="mailto:chisinau.consolare@esteri.it">chisinau.consolare@esteri.it</a><br />
tel.: +373 22 266 763</li>
<li><strong>Recunoașterea Titlurilor de Studii, Studenți:</strong><br />
e-mail: <a href="mailto:chisinau.consolare@esteri.it">chisinau.consolare@esteri.it</a><br />
tel.: +373 266 720</li>
<li><strong>Oficiu Vize</strong>:<br />
e-mail: <a href="mailto:chisinau.visti@esteri.it">chisinau.visti@esteri.it</a><br />
tel.: +373 22 266 760</li>
<li><strong>Secția Comercială:</strong><br />
e-mail: <a href="mailto:amb.chisinau@esteri.it">amb.chisinau@esteri.it</a><br />
tel.: +373 22 266 720</li>
<li><strong>Secția Administrativă-Contabilă:<br />
</strong>e-mail: <a href="mailto:amb.chisinau@esteri.it">amb.chisinau@esteri.it</a><br />
tel.: +373 22 266 750</li>
<li><strong>Secția Cultură</strong><br />
e-mail: <a href="mailto:amb.chisinau@esteri.it">amb.chisinau@esteri.it</a></li>
<li><strong>Secretariat Ambasador</strong>:<br />
e-mail: <a href="mailto:chisinau.segreteria@esteri.it">chisinau.segreteria@esteri.it</a><br />
tel.: +373 22 266 724</li>
<li><strong>Informații:</strong><br />
e-mail: <a href="mailto:amb.chisinau@esteri.it">amb.chisinau@esteri.it</a><br />
tel.: +373 22 266 720</li>
<li><strong>poșta electronică certificată (PEC)</strong>: <a href="mailto:amb.chisinau@cert.esteri.it">amb.chisinau@cert.esteri.it</a></li>
</ul>
<p><strong><br />
Calendarul Sărbătorilor pentru anul 2025:</strong></p>
<p>Această Ambasadă respectă anumite sărbători italiene si locale, în baza calendarului indicat în continuare:</p>
<ul>
<li>Anul Nou &#8211; <strong>1 ianuarie</strong></li>
<li>Crăciunul ortodox pe rit vechi &#8211; <strong>7 ianuarie  </strong></li>
<li>Sărbătoare ortodoxă &#8211; <strong>8 ianuarie</strong></li>
<li>Lunedì dell&#8217;Angelo (a doua zi a Paştelui catolic) &#8211; <strong>6 aprilie</strong></li>
<li>A doua zi a Paștelui ortodox &#8211; <strong>13 aprilie</strong></li>
<li>Ziua Muncii &#8211; <strong>1 mai</strong></li>
<li>Ziua Naţională a Republicii Italiene &#8211;<strong> 2 iunie</strong></li>
<li>Ziua Independenţei Republicii Moldova &#8211; <strong>27 august</strong></li>
<li>Sărbătoare catolică &#8222;<em>Immacolata Concezione</em>&#8221; &#8211; <strong>8 decembrie </strong></li>
<li>Crăciunul catolic şi ortodox pe rit nou- <strong>25 decembrie</strong></li>
<li>Sfântul Stefano (sărbătoare catolică) &#8211; <strong>26 decembrie</strong></li>
</ul>

AMBASADA ITALIEI Str. Vlaicu Pârcălab, 63 MD-2012, Chişinău Republica Moldova Programul serviciului cu publicul: Secția Consulară / Vize: Luni 09.00 &#8211; 13.00 și 14.00 &#8211; 16.30 Marti 09.00 &#8211; 13.00 Miercuri 09.00 &#8211; 13.00 Joi 09.00 &#8211; 13.00 și 14.00 &#8211; 16.30 Vineri 09.00 &#8211; 13.00 Telefon: +373 22 266720 (de luni până vineri de [&hellip;]
