{"id":141,"date":"2023-04-11T18:23:52","date_gmt":"2023-04-11T16:23:52","guid":{"rendered":"https:\/\/ambchisinau.esteri.it\/italia-e-moldavia\/diplomazia-economica\/fare-affari-in-moldavia\/"},"modified":"2025-12-05T14:27:19","modified_gmt":"2025-12-05T12:27:19","slug":"fare-affari-in-moldavia","status":"publish","type":"page","link":"https:\/\/ambchisinau.esteri.it\/ro\/italia-e-moldavia\/diplomazia-economica\/fare-affari-in-moldavia\/","title":{"rendered":"Facem afaceri \u00een Moldova"},"content":{"rendered":"<p>\u00cen Moldova exist\u0103 o Camer\u0103 de Comer\u021b Italian\u0103. Aceasta num\u0103r\u0103 peste 120 de companii membre din diferite sectoare de produc\u021bie.<\/p>\n<p>Pentru mai multe informa\u021bii, v\u0103 rug\u0103m s\u0103 vizita\u021bi pagina web a Camerei:\u00a0<a href=\"https:\/\/ccimd.md\/md\/home-md\/\">https:\/\/ccimd.md\/md\/home-md\/<\/a><\/p>\n","protected":false},"excerpt":{"rendered":"\u00cen Moldova exist\u0103 o Camer\u0103 de Comer\u021b Italian\u0103. Aceasta num\u0103r\u0103 peste 120 de companii membre din diferite sectoare de produc\u021bie. Pentru mai multe informa\u021bii, v\u0103 rug\u0103m s\u0103 vizita\u021bi pagina web a Camerei:\u00a0https:\/\/ccimd.md\/md\/home-md\/","protected":false},"author":1,"featured_media":0,"parent":137,"menu_order":0,"comment_status":"closed","ping_status":"closed","template":"","meta":{"footnotes":""},"class_list":["post-141","page","type-page","status-publish","hentry"],"_links":{"self":[{"href":"https:\/\/ambchisinau.esteri.it\/ro\/wp-json\/wp\/v2\/pages\/141","targetHints":{"allow":["GET"]}}],"collection":[{"href":"https:\/\/ambchisinau.esteri.it\/ro\/wp-json\/wp\/v2\/pages"}],"about":[{"href":"https:\/\/ambchisinau.esteri.it\/ro\/wp-json\/wp\/v2\/types\/page"}],"author":[{"embeddable":true,"href":"https:\/\/ambchisinau.esteri.it\/ro\/wp-json\/wp\/v2\/users\/1"}],"replies":[{"embeddable":true,"href":"https:\/\/ambchisinau.esteri.it\/ro\/wp-json\/wp\/v2\/comments?post=141"}],"version-history":[{"count":2,"href":"https:\/\/ambchisinau.esteri.it\/ro\/wp-json\/wp\/v2\/pages\/141\/revisions"}],"predecessor-version":[{"id":2810,"href":"https:\/\/ambchisinau.esteri.it\/ro\/wp-json\/wp\/v2\/pages\/141\/revisions\/2810"}],"up":[{"embeddable":true,"href":"https:\/\/ambchisinau.esteri.it\/ro\/wp-json\/wp\/v2\/pages\/137"}],"wp:attachment":[{"href":"https:\/\/ambchisinau.esteri.it\/ro\/wp-json\/wp\/v2\/media?parent=141"}],"curies":[{"name":"wp","href":"https:\/\/api.w.org\/{rel}","templated":true}]}}

Facem afaceri în Moldova

<p>În Moldova există o Cameră de Comerț Italiană. Aceasta numără peste 120 de companii membre din diferite sectoare de producție.</p>
<p>Pentru mai multe informații, vă rugăm să vizitați pagina web a Camerei: <a href="https://ccimd.md/md/home-md/">https://ccimd.md/md/home-md/</a></p>

În Moldova există o Cameră de Comerț Italiană. Aceasta numără peste 120 de companii membre din diferite sectoare de producție. Pentru mai multe informații, vă rugăm să vizitați pagina web a Camerei: https://ccimd.md/md/home-md/
